65274.
2, 3, 11, 23, 43
List the prime factors of 55533.
3, 107, 173
List the prime factors of 3576.
2, 3, 149
What are the prime factors of 13431?
3, 11, 37
List the prime factors of 3503.
31, 113
What are the prime factors of 1532?
2, 383
What are the prime factors of 35852?
2, 8963
List the prime factors of 918.
2, 3, 17
What are the prime factors of 170232?
2, 3, 41, 173
List the prime factors of 9466.
2, 4733
List the prime factors of 3642.
2, 3, 607
What are the prime factors of 2205?
3, 5, 7
What are the prime factors of 8747?
8747
List the prime factors of 63551.
103, 617
List the prime factors of 4941.
3, 61
List the prime factors of 349.
349
What are the prime factors of 56242?
2, 61, 461
List the prime factors of 10280.
2, 5, 257
What are the prime factors of 1484?
2, 7, 53
What are the prime factors of 6883?
6883
What are the prime factors of 16594?
2, 8297
What are the prime factors of 8355?
3, 5, 557
List the prime factors of 1546.
2, 773
List the prime factors of 5570.
2, 5, 557
What are the prime factors of 3159?
3, 13
What are the prime factors of 1253?
7, 179
List the prime factors of 79126.
2, 39563
List the prime factors of 3608.
2, 11, 41
What are the prime factors of 1304?
2, 163
What are the prime factors of 43362?
2, 3, 11, 73
List the prime factors of 92876.
2, 7, 31, 107
List the prime factors of 11131.
11131
List the prime factors of 1448.
2, 181
List the prime factors of 13453.
11, 1223
What are the prime factors of 1504?
2, 47
List the prime factors of 17363.
97, 179
What are the prime factors of 4634?
2, 7, 331
What are the prime factors of 59147?
11, 19, 283
What are the prime factors of 13273?
13, 1021
What are the prime factors of 179789?
163, 1103
List the prime factors of 318.
2, 3, 53
List the prime factors of 1596.
2, 3, 7, 19
List the prime factors of 872.
2, 109
List the prime factors of 2102.
2, 1051
List the prime factors of 765.
3, 5, 17
List the prime factors of 14045.
5, 53
List the prime factors of 3099.
3, 1033
What are the prime factors of 1093?
1093
What are the prime factors of 1708?
2, 7, 61
List the prime factors of 20698.
2, 79, 131
List the prime factors of 156871.
11, 13, 1097
List the prime factors of 15504.
2, 3, 17, 19
What are the prime factors of 346?
2, 173
What are the prime factors of 44047?
17, 2591
What are the prime factors of 640?
2, 5
What are the prime factors of 9909?
3, 367
List the prime factors of 22858.
2, 11, 1039
What are the prime factors of 219?
3, 73
List the prime factors of 228.
2, 3, 19
What are the prime factors of 16951?
11, 23, 67
List the prime factors of 800.
2, 5
What are the prime factors of 3773?
7, 11
What are the prime factors of 5099?
5099
What are the prime factors of 8172?
2, 3, 227
List the prime factors of 132773.
31, 4283
What are the prime factors of 3018?
2, 3, 503
List the prime factors of 1201.
1201
List the prime factors of 973.
7, 139
What are the prime factors of 6116?
2, 11, 139
What are the prime factors of 555?
3, 5, 37
What are the prime factors of 3170?
2, 5, 317
What are the prime factors of 98609?
7, 14087
What are the prime factors of 174?
2, 3, 29
List the prime factors of 46841.
31, 1511
List the prime factors of 1184.
2, 37
List the prime factors of 5917.
61, 97
What are the prime factors of 169403?
13, 83, 157
What are the prime factors of 2036?
2, 509
List the prime factors of 12529.
11, 17, 67
What are the prime factors of 18921?
3, 7, 17, 53
List the prime factors of 461.
461
List the prime factors of 1524.
2, 3, 127
List the prime factors of 784.
2, 7
What are the prime factors of 92524?
2, 23131
What are the prime factors of 18638?
2, 9319
What are the prime factors of 3202?
2, 1601
What are the prime factors of 8134?
2, 7, 83
What are the prime factors of 1210?
2, 5, 11
List the prime factors of 1238.
2, 619
What are the prime factors of 60715?
5, 12143
List the prime factors of 89475.
3, 5, 1193
List the prime factors of 7382.
2, 3691
What are the prime factors of 43620?
2, 3, 5, 727
List the prime factors of 1312.
2, 41
List the prime factors of 26210.
2, 5, 2621
List the prime factors of 572.
2, 11, 13
What are the prime factors of 4415?
5, 883
What are the prime factors of 1269?
3, 47
What are the prime factors of 107962?
2, 23, 2347
What are the prime factors of 30?
2, 3, 5
What are the prime factors of 685?
5, 137
List the prime factors of 3468.
2, 3, 17
List the prime factors of 23788.
2, 19, 313
List the prime factors of 33189.
3, 13, 23, 37
What are the prime factors of 294?
2, 3, 7
What are the prime factors of 53342?
2, 149, 179
List the prime factors of 1583.
1583
What are the prime factors of 76737?
3, 25579
What are the prime factors of 12071?
12071
What are the prime factors of 6208?
2, 97
What are the prime factors of 5928?
2, 3, 13, 19
List the prime factors of 149790.
2, 3, 5, 4993
What are the prime factors of 10964?
2, 2741
What are the prime factors of 2959?
11, 269
List the prime factors of 4888.
2, 13, 47
List the prime factors of 58271.
58271
What are the prime factors of 2560?
2, 5
List the prime factors of 2603.
19, 137
List the prime factors of 109655.
5, 7, 13, 241
List the prime factors of 482.
2, 241
List the prime factors of 25689.
3, 8563
What are the prime factors of 332?
2, 83
List the prime factors of 41831.
59, 709
List the prime factors of 1491.
3, 7, 71
List the prime factors of 56944.
2, 3559
What are the prime factors of 12028?
2, 31, 97
What are the prime factors of 46484?
2, 11621
List the prime factors of 854.
2, 7, 61
What are the prime factors of 1451?
1451
What are the prime factors of 4533?
3, 1511
What are the prime factors of 1725?
3, 5, 23
What are the prime factors of 20005?
5, 4001
What are the prime factors of 11296?
2, 353
What are the prime factors of 15770?
2, 5, 19, 83
What are the prime factors of 191?
191
What are the prime factors of 311?
311
List the prime factors of 15002.
2, 13, 577
What are the prime factors of 1574?
2, 787
What are the prime factors of 5679?
3, 631
What are the prime factors of 147598?
2, 11, 6709
What are the prime factors of 17972?
2, 4493
List the prime factors of 6351.
3, 29, 73
List the prime factors of 860.
2, 5, 43
List the prime factors of 16804.
2, 4201
What are the prime factors of 2445?
3, 5, 163
List the prime factors of 9148.
2, 2287
What are the prime factors of 62341?
31, 2011
List the prime factors of 876.
2, 3, 73
List the prime factors of 10489.
17, 617
What are the prime factors of 14799?
3, 4933
List the prime factors of 1165.
5, 233
List the prime factors of 1979.
1979
What are the prime factors of 109380?
2, 3, 5, 1823
List the prime factors of 3378.
2, 3, 563
What are the prime factors of 141?
3, 47
List the prime factors of 2365.
5, 11, 43
List the prime factors of 2430.
2, 3, 5
List the prime factors of 1953.
3, 7, 31
List the prime factors of 645.
3, 5, 43
List the prime factors of 35586.
2, 3, 659
List the prime factors of 1492.
2, 373
List the prime factors of 75469.
163, 463
What are the prime factors of 34549?
34549
What are the prime factors of 134197?
7, 19, 1009
What are the prime factors of 18943?
19, 997
What are the prime factors of 551?
19, 29
What are the prime factors of 2460?
2, 3, 5, 41
List the prime factors of 5629.
13, 433
List the prime factors of 7006.
2, 31, 113
What are the prime factors of 100051?
7, 14293
What are the prime factors of 65456?
2, 4091
List the prime factors of 9401.
7, 17, 79
List the prime factors of 150.
2, 3, 5
What are the prime factors of 11065?
5, 2213
List the prime factors of 148948.
2, 23, 1619
List the prime factors of 914.
2, 457
What are the prime factors of 84188?
2, 13, 1619
List the prime factors of 4129.
4129
List the prime factors of 2407.
29, 83
List the prime factors of 831.
3, 277
List the prime factors of 15303.
3, 5101
What are the prime factors of 703?
19, 37
What are the prime factors of 252?
2, 3, 7
List the prime factors of 3826.
2, 1913
List the prime factors of 3437.
7, 491
What are the prime factors of 1283?
1283
List the prime factors of 339.
3, 113
List the prime factors of 135284.
2, 31, 1091
What are the prime factors of 41605?
5, 53, 157
What are the prime factors of 17834?
2, 37, 241
What are the prime factors of 464?
2, 29
List the prime f